{"id":11268,"date":"2026-09-01T00:01:50","date_gmt":"2026-08-31T22:01:50","guid":{"rendered":"http:\/\/innsideyourhome.fr\/InnsideYourHome\/?page_id=11268"},"modified":"2026-09-01T15:47:34","modified_gmt":"2026-09-01T13:47:34","slug":"oncle-sam","status":"publish","type":"page","link":"https:\/\/innsideyourhome.fr\/InnsideYourHome\/oncle-sam\/","title":{"rendered":"Oncle Sam &#8211; Amiens"},"content":{"rendered":"<div class=\"wpb-content-wrapper\"><p>[vc_row full_width=\u00a0\u00bbstretch_row_content\u00a0\u00bb content_placement=\u00a0\u00bbbottom\u00a0\u00bb css=\u00a0\u00bb.vc_custom_1788214036309{padding-top: 250px !important;padding-right: 250px !important;padding-bottom: 250px !important;padding-left: 250px !important;background-image: url(http:\/\/innsideyourhome.fr\/InnsideYourHome\/wp-content\/uploads\/2026\/09\/DSC_5757.jpg?id=11270) !important;background-position: center !important;background-repeat: no-repeat !important;background-size: cover !important;}\u00a0\u00bb][vc_column][\/vc_column][\/vc_row][vc_row][vc_column width=\u00a0\u00bb1\/2&Prime;][vc_single_image image=\u00a0\u00bb11322&Prime; img_size=\u00a0\u00bbfull\u00a0\u00bb css=\u00a0\u00bb\u00a0\u00bb][\/vc_column][vc_column width=\u00a0\u00bb1\/2&Prime;][vc_custom_heading source=\u00a0\u00bbpost_title\u00a0\u00bb font_container=\u00a0\u00bbtag:h1|text_align:left|color:%23000000&Prime; use_theme_fonts=\u00a0\u00bbyes\u00a0\u00bb el_class=\u00a0\u00bbbandeau\u00a0\u00bb][vc_column_text css=\u00a0\u00bb\u00a0\u00bb]Pour la troisi\u00e8me fois, nos clients d\u2019Amiens viennent de nous confier la r\u00e9novation d\u2019un ancien restaurant ferm\u00e9 depuis plusieurs ann\u00e9es, mais restant une valeur s\u00fbre avec un emplacement strat\u00e9gique sur les carrefours d\u2019Amiens-Nord.<\/p>\n<p>Apr\u00e8s quelques mois de r\u00e9novation, nous avons ouvert ce haut lieu de la restauration th\u00e9matis\u00e9 US. Nos clients, d\u00e9j\u00e0 grands professionnels, ont tout mis\u00e9 sur les viandes grill\u00e9es, avec cuisine ouverte et grill au feu de bois devant les clients.<\/p>\n<p>De grands volumes, une ambiance texane et une qualit\u00e9 d\u2019assiette font d\u00e9j\u00e0 de ce restaurant une r\u00e9ussite.<\/p>\n<p>Un grand merci \u00e0 Camille, Patrice et Johan pour leur confiance une fois de plus renouvel\u00e9e.[\/vc_column_text][\/vc_column][\/vc_row][vc_row][vc_column width=\u00a0\u00bb1\/3&Prime;][vc_single_image image=\u00a0\u00bb11272&Prime; img_size=\u00a0\u00bbfull\u00a0\u00bb alignment=\u00a0\u00bbcenter\u00a0\u00bb onclick=\u00a0\u00bblink_image\u00a0\u00bb css=\u00a0\u00bb\u00a0\u00bb][vc_single_image image=\u00a0\u00bb11273&Prime; img_size=\u00a0\u00bbfull\u00a0\u00bb alignment=\u00a0\u00bbcenter\u00a0\u00bb onclick=\u00a0\u00bblink_image\u00a0\u00bb css=\u00a0\u00bb\u00a0\u00bb][\/vc_column][vc_column width=\u00a0\u00bb1\/3&Prime;][vc_single_image image=\u00a0\u00bb11274&Prime; img_size=\u00a0\u00bbfull\u00a0\u00bb alignment=\u00a0\u00bbcenter\u00a0\u00bb onclick=\u00a0\u00bblink_image\u00a0\u00bb css=\u00a0\u00bb\u00a0\u00bb][vc_single_image image=\u00a0\u00bb11275&Prime; img_size=\u00a0\u00bbfull\u00a0\u00bb alignment=\u00a0\u00bbcenter\u00a0\u00bb onclick=\u00a0\u00bblink_image\u00a0\u00bb css=\u00a0\u00bb\u00a0\u00bb][\/vc_column][vc_column width=\u00a0\u00bb1\/3&Prime;][vc_single_image image=\u00a0\u00bb11276&Prime; img_size=\u00a0\u00bbfull\u00a0\u00bb alignment=\u00a0\u00bbcenter\u00a0\u00bb onclick=\u00a0\u00bblink_image\u00a0\u00bb css=\u00a0\u00bb\u00a0\u00bb][vc_single_image image=\u00a0\u00bb11277&Prime; img_size=\u00a0\u00bbfull\u00a0\u00bb alignment=\u00a0\u00bbcenter\u00a0\u00bb onclick=\u00a0\u00bblink_image\u00a0\u00bb css=\u00a0\u00bb\u00a0\u00bb][\/vc_column][\/vc_row][vc_row full_width=\u00a0\u00bbstretch_row_content_no_spaces\u00a0\u00bb content_placement=\u00a0\u00bbmiddle\u00a0\u00bb css=\u00a0\u00bb.vc_custom_1574347126631{background-color: #ebebeb !important;background-position: center !important;background-repeat: no-repeat !important;background-size: cover !important;}\u00a0\u00bb][vc_column][vc_btn title=\u00a0\u00bbToutes nos r\u00e9alisations\u00a0\u00bb style=\u00a0\u00bbflat\u00a0\u00bb shape=\u00a0\u00bbsquare\u00a0\u00bb align=\u00a0\u00bbcenter\u00a0\u00bb i_icon_fontawesome=\u00a0\u00bbfa fa-th\u00a0\u00bb add_icon=\u00a0\u00bbtrue\u00a0\u00bb link=\u00a0\u00bburl:http%3A%2F%2Finnsideyourhome.fr%2FInnsideYourHome%2Fnos-realisations%2F|title:Nos%20R%C3%A9alisations||\u00a0\u00bb][\/vc_column][\/vc_row]<\/p>\n<\/div>","protected":false},"excerpt":{"rendered":"<p>[vc_row full_width=\u00a0\u00bbstretch_row_content\u00a0\u00bb content_placement=\u00a0\u00bbbottom\u00a0\u00bb css=\u00a0\u00bb.vc_custom_1788214036309{padding-top: 250px !important;padding-right: 250px !important;padding-bottom: 250px !important;padding-left: 250px !important;background-image: url(http:\/\/innsideyourhome.fr\/InnsideYourHome\/wp-content\/uploads\/2026\/09\/DSC_5757.jpg?id=11270) !important;background-position: center !important;background-repeat: no-repeat !important;background-size: cover !important;}\u00a0\u00bb][vc_column][\/vc_column][\/vc_row][vc_row][vc_column width=\u00a0\u00bb1\/2&Prime;][vc_single_image image=\u00a0\u00bb11322&Prime; img_size=\u00a0\u00bbfull\u00a0\u00bb css=\u00a0\u00bb\u00a0\u00bb][\/vc_column][vc_column width=\u00a0\u00bb1\/2&Prime;][vc_custom_heading source=\u00a0\u00bbpost_title\u00a0\u00bb font_container=\u00a0\u00bbtag:h1|text_align:left|color:%23000000&Prime; use_theme_fonts=\u00a0\u00bbyes\u00a0\u00bb el_class=\u00a0\u00bbbandeau\u00a0\u00bb][vc_column_text css=\u00a0\u00bb\u00a0\u00bb]Pour la troisi\u00e8me fois, nos clients d\u2019Amiens viennent de nous confier la r\u00e9novation d\u2019un ancien restaurant ferm\u00e9 depuis plusieurs ann\u00e9es, mais restant une valeur s\u00fbre avec un emplacement strat\u00e9gique sur les carrefours d\u2019Amiens-Nord. Apr\u00e8s quelques mois de r\u00e9novation, nous avons ouvert ce haut lieu de la restauration th\u00e9matis\u00e9 US. Nos clients, d\u00e9j\u00e0 grands professionnels, ont tout mis\u00e9 sur les viandes grill\u00e9es, avec cuisine ouverte et grill au feu de bois devant.<\/p>\n","protected":false},"author":2,"featured_media":0,"parent":0,"menu_order":0,"comment_status":"closed","ping_status":"closed","template":"template-page-fullwidth.php","meta":{"footnotes":""},"class_list":["post-11268","page","type-page","status-publish","hentry"],"_links":{"self":[{"href":"https:\/\/innsideyourhome.fr\/InnsideYourHome\/wp-json\/wp\/v2\/pages\/11268","targetHints":{"allow":["GET"]}}],"collection":[{"href":"https:\/\/innsideyourhome.fr\/InnsideYourHome\/wp-json\/wp\/v2\/pages"}],"about":[{"href":"https:\/\/innsideyourhome.fr\/InnsideYourHome\/wp-json\/wp\/v2\/types\/page"}],"author":[{"embeddable":true,"href":"https:\/\/innsideyourhome.fr\/InnsideYourHome\/wp-json\/wp\/v2\/users\/2"}],"replies":[{"embeddable":true,"href":"https:\/\/innsideyourhome.fr\/InnsideYourHome\/wp-json\/wp\/v2\/comments?post=11268"}],"version-history":[{"count":5,"href":"https:\/\/innsideyourhome.fr\/InnsideYourHome\/wp-json\/wp\/v2\/pages\/11268\/revisions"}],"predecessor-version":[{"id":11323,"href":"https:\/\/innsideyourhome.fr\/InnsideYourHome\/wp-json\/wp\/v2\/pages\/11268\/revisions\/11323"}],"wp:attachment":[{"href":"https:\/\/innsideyourhome.fr\/InnsideYourHome\/wp-json\/wp\/v2\/media?parent=11268"}],"curies":[{"name":"wp","href":"https:\/\/api.w.org\/{rel}","templated":true}]}}

<div class="wpb-content-wrapper"><p>[vc_row full_width= »stretch_row_content » content_placement= »bottom » css= ».vc_custom_1788214036309{padding-top: 250px !important;padding-right: 250px !important;padding-bottom: 250px !important;padding-left: 250px !important;background-image: url(http://innsideyourhome.fr/InnsideYourHome/wp-content/uploads/2026/09/DSC_5757.jpg?id=11270) !important;background-position: center !important;background-repeat: no-repeat !important;background-size: cover !important;} »][vc_column][/vc_column][/vc_row][vc_row][vc_column width= »1/2&Prime;][vc_single_image image= »11322&Prime; img_size= »full » css= » »][/vc_column][vc_column width= »1/2&Prime;][vc_custom_heading source= »post_title » font_container= »tag:h1|text_align:left|color:%23000000&Prime; use_theme_fonts= »yes » el_class= »bandeau »][vc_column_text css= » »]Pour la troisième fois, nos clients d’Amiens viennent de nous confier la rénovation d’un ancien restaurant fermé depuis plusieurs années, mais restant une valeur sûre avec un emplacement stratégique sur les carrefours d’Amiens-Nord.</p>
<p>Après quelques mois de rénovation, nous avons ouvert ce haut lieu de la restauration thématisé US. Nos clients, déjà grands professionnels, ont tout misé sur les viandes grillées, avec cuisine ouverte et grill au feu de bois devant les clients.</p>
<p>De grands volumes, une ambiance texane et une qualité d’assiette font déjà de ce restaurant une réussite.</p>
<p>Un grand merci à Camille, Patrice et Johan pour leur confiance une fois de plus renouvelée.[/vc_column_text][/vc_column][/vc_row][vc_row][vc_column width= »1/3&Prime;][vc_single_image image= »11272&Prime; img_size= »full » alignment= »center » onclick= »link_image » css= » »][vc_single_image image= »11273&Prime; img_size= »full » alignment= »center » onclick= »link_image » css= » »][/vc_column][vc_column width= »1/3&Prime;][vc_single_image image= »11274&Prime; img_size= »full » alignment= »center » onclick= »link_image » css= » »][vc_single_image image= »11275&Prime; img_size= »full » alignment= »center » onclick= »link_image » css= » »][/vc_column][vc_column width= »1/3&Prime;][vc_single_image image= »11276&Prime; img_size= »full » alignment= »center » onclick= »link_image » css= » »][vc_single_image image= »11277&Prime; img_size= »full » alignment= »center » onclick= »link_image » css= » »][/vc_column][/vc_row][vc_row full_width= »stretch_row_content_no_spaces » content_placement= »middle » css= ».vc_custom_1574347126631{background-color: #ebebeb !important;background-position: center !important;background-repeat: no-repeat !important;background-size: cover !important;} »][vc_column][vc_btn title= »Toutes nos réalisations » style= »flat » shape= »square » align= »center » i_icon_fontawesome= »fa fa-th » add_icon= »true » link= »url:http%3A%2F%2Finnsideyourhome.fr%2FInnsideYourHome%2Fnos-realisations%2F|title:Nos%20R%C3%A9alisations|| »][/vc_column][/vc_row]</p>
</div>

<p>[vc_row full_width= »stretch_row_content » content_placement= »bottom » css= ».vc_custom_1788214036309{padding-top: 250px !important;padding-right: 250px !important;padding-bottom: 250px !important;padding-left: 250px !important;background-image: url(http://innsideyourhome.fr/InnsideYourHome/wp-content/uploads/2026/09/DSC_5757.jpg?id=11270) !important;background-position: center !important;background-repeat: no-repeat !important;background-size: cover !important;} »][vc_column][/vc_column][/vc_row][vc_row][vc_column width= »1/2&Prime;][vc_single_image image= »11322&Prime; img_size= »full » css= » »][/vc_column][vc_column width= »1/2&Prime;][vc_custom_heading source= »post_title » font_container= »tag:h1|text_align:left|color:%23000000&Prime; use_theme_fonts= »yes » el_class= »bandeau »][vc_column_text css= » »]Pour la troisième fois, nos clients d’Amiens viennent de nous confier la rénovation d’un ancien restaurant fermé depuis plusieurs années, mais restant une valeur sûre avec un emplacement stratégique sur les carrefours d’Amiens-Nord. Après quelques mois de rénovation, nous avons ouvert ce haut lieu de la restauration thématisé US. Nos clients, déjà grands professionnels, ont tout misé sur les viandes grillées, avec cuisine ouverte et grill au feu de bois devant.</p>
