{"id":7934,"date":"2020-01-30T15:34:14","date_gmt":"2020-01-30T14:34:14","guid":{"rendered":"http:\/\/innsideyourhome.fr\/InnsideYourHome\/?page_id=7934"},"modified":"2020-02-06T10:28:34","modified_gmt":"2020-02-06T09:28:34","slug":"brasserie-de-lhorloge-amiens","status":"publish","type":"page","link":"http:\/\/innsideyourhome.fr\/InnsideYourHome\/brasserie-de-lhorloge-amiens\/","title":{"rendered":"Brasserie de L&rsquo;Horloge &#8211; Amiens"},"content":{"rendered":"<div class=\"wpb-content-wrapper\"><p>[vc_row full_width=\u00a0\u00bbstretch_row_content\u00a0\u00bb content_placement=\u00a0\u00bbbottom\u00a0\u00bb css=\u00a0\u00bb.vc_custom_1580831476286{padding-top: 250px !important;padding-right: 250px !important;padding-bottom: 250px !important;padding-left: 250px !important;background-image: url(http:\/\/innsideyourhome.fr\/InnsideYourHome\/wp-content\/uploads\/2020\/02\/IMG_6309.jpg?id=8043) !important;background-position: center !important;background-repeat: no-repeat !important;background-size: cover !important;}\u00a0\u00bb][vc_column][\/vc_column][\/vc_row][vc_row][vc_column width=\u00a0\u00bb1\/2&Prime;][vc_single_image image=\u00a0\u00bb7938&Prime; img_size=\u00a0\u00bblarge\u00a0\u00bb onclick=\u00a0\u00bblink_image\u00a0\u00bb][\/vc_column][vc_column width=\u00a0\u00bb1\/2&Prime;][vc_custom_heading source=\u00a0\u00bbpost_title\u00a0\u00bb font_container=\u00a0\u00bbtag:h1|text_align:left|color:%23000000&Prime; use_theme_fonts=\u00a0\u00bbyes\u00a0\u00bb el_class=\u00a0\u00bbbandeau\u00a0\u00bb][vc_column_text]Cet ancien magasin de d\u00e9coration, est devenu la brasserie de l&rsquo;horloge, dans le c\u0153ur historique de la Cath\u00e9drale d\u2019Amiens. Elle doit son nom \u00e0 la proximit\u00e9 d\u2019un monument class\u00e9, \u00ab la statue de Marie sans chemise \u00bb, o\u00f9 tr\u00f4ne une horloge datant de 1898 !<br \/>\nC\u2019est donc tout naturellement que ce nouveau lieu s\u2019appelle \u00ab\u00a0La Brasserie de L\u2019Horloge\u00a0\u00bb. Cet \u00e9tablissement a plus de 150 places avec une belle terrasse face \u00e0 la Cath\u00e9drale.<br \/>\nOn vous recevra, dans un d\u00e9cor vintage, murs en briques vieillis par le temps, fermes m\u00e9talliques type loft, sols en parquet massif et d\u00e9coration bistro sur le th\u00e8me du temps et des horloges.[\/vc_column_text][\/vc_column][\/vc_row][vc_row][vc_column width=\u00a0\u00bb1\/3&Prime;][vc_single_image image=\u00a0\u00bb8045&Prime; img_size=\u00a0\u00bbfull\u00a0\u00bb alignment=\u00a0\u00bbcenter\u00a0\u00bb onclick=\u00a0\u00bblink_image\u00a0\u00bb][vc_single_image image=\u00a0\u00bb7940&Prime; img_size=\u00a0\u00bbfull\u00a0\u00bb alignment=\u00a0\u00bbcenter\u00a0\u00bb onclick=\u00a0\u00bblink_image\u00a0\u00bb][vc_single_image image=\u00a0\u00bb8049&Prime; img_size=\u00a0\u00bbfull\u00a0\u00bb alignment=\u00a0\u00bbcenter\u00a0\u00bb onclick=\u00a0\u00bblink_image\u00a0\u00bb][\/vc_column][vc_column width=\u00a0\u00bb1\/3&Prime;][vc_single_image image=\u00a0\u00bb7936&Prime; img_size=\u00a0\u00bbfull\u00a0\u00bb alignment=\u00a0\u00bbcenter\u00a0\u00bb onclick=\u00a0\u00bblink_image\u00a0\u00bb][vc_single_image image=\u00a0\u00bb7944&Prime; img_size=\u00a0\u00bbfull\u00a0\u00bb alignment=\u00a0\u00bbcenter\u00a0\u00bb onclick=\u00a0\u00bblink_image\u00a0\u00bb][vc_single_image image=\u00a0\u00bb8046&Prime; img_size=\u00a0\u00bbfull\u00a0\u00bb alignment=\u00a0\u00bbcenter\u00a0\u00bb onclick=\u00a0\u00bblink_image\u00a0\u00bb][\/vc_column][vc_column width=\u00a0\u00bb1\/3&Prime;][vc_single_image image=\u00a0\u00bb7939&Prime; img_size=\u00a0\u00bbfull\u00a0\u00bb alignment=\u00a0\u00bbcenter\u00a0\u00bb onclick=\u00a0\u00bblink_image\u00a0\u00bb][vc_single_image image=\u00a0\u00bb8050&Prime; img_size=\u00a0\u00bbfull\u00a0\u00bb alignment=\u00a0\u00bbcenter\u00a0\u00bb onclick=\u00a0\u00bblink_image\u00a0\u00bb][vc_single_image image=\u00a0\u00bb8048&Prime; img_size=\u00a0\u00bbfull\u00a0\u00bb alignment=\u00a0\u00bbcenter\u00a0\u00bb onclick=\u00a0\u00bblink_image\u00a0\u00bb][\/vc_column][\/vc_row][vc_row full_width=\u00a0\u00bbstretch_row_content_no_spaces\u00a0\u00bb content_placement=\u00a0\u00bbmiddle\u00a0\u00bb css=\u00a0\u00bb.vc_custom_1574347126631{background-color: #ebebeb !important;background-position: center !important;background-repeat: no-repeat !important;background-size: cover !important;}\u00a0\u00bb][vc_column][vc_btn title=\u00a0\u00bbToutes nos r\u00e9alisations\u00a0\u00bb style=\u00a0\u00bbflat\u00a0\u00bb shape=\u00a0\u00bbsquare\u00a0\u00bb align=\u00a0\u00bbcenter\u00a0\u00bb i_icon_fontawesome=\u00a0\u00bbfa fa-th\u00a0\u00bb add_icon=\u00a0\u00bbtrue\u00a0\u00bb link=\u00a0\u00bburl:http%3A%2F%2Finnsideyourhome.fr%2FInnsideYourHome%2Fnos-realisations%2F|title:Nos%20R%C3%A9alisations||\u00a0\u00bb][\/vc_column][\/vc_row]<\/p>\n<\/div>","protected":false},"excerpt":{"rendered":"<p>[vc_row full_width=\u00a0\u00bbstretch_row_content\u00a0\u00bb content_placement=\u00a0\u00bbbottom\u00a0\u00bb css=\u00a0\u00bb.vc_custom_1580831476286{padding-top: 250px !important;padding-right: 250px !important;padding-bottom: 250px !important;padding-left: 250px !important;background-image: url(http:\/\/innsideyourhome.fr\/InnsideYourHome\/wp-content\/uploads\/2020\/02\/IMG_6309.jpg?id=8043) !important;background-position: center !important;background-repeat: no-repeat !important;background-size: cover !important;}\u00a0\u00bb][vc_column][\/vc_column][\/vc_row][vc_row][vc_column width=\u00a0\u00bb1\/2&Prime;][vc_single_image image=\u00a0\u00bb7938&Prime; img_size=\u00a0\u00bblarge\u00a0\u00bb onclick=\u00a0\u00bblink_image\u00a0\u00bb][\/vc_column][vc_column width=\u00a0\u00bb1\/2&Prime;][vc_custom_heading source=\u00a0\u00bbpost_title\u00a0\u00bb font_container=\u00a0\u00bbtag:h1|text_align:left|color:%23000000&Prime; use_theme_fonts=\u00a0\u00bbyes\u00a0\u00bb el_class=\u00a0\u00bbbandeau\u00a0\u00bb][vc_column_text]Cet ancien magasin de d\u00e9coration, est devenu la brasserie de l&rsquo;horloge, dans le c\u0153ur historique de la Cath\u00e9drale d\u2019Amiens. Elle doit son nom \u00e0 la proximit\u00e9 d\u2019un monument class\u00e9, \u00ab la statue de Marie sans chemise \u00bb, o\u00f9 tr\u00f4ne une horloge datant de 1898 ! C\u2019est donc tout naturellement que ce nouveau lieu s\u2019appelle \u00ab\u00a0La Brasserie de L\u2019Horloge\u00a0\u00bb. Cet \u00e9tablissement a plus de 150 places avec une belle terrasse face \u00e0 la.<\/p>\n","protected":false},"author":2,"featured_media":0,"parent":0,"menu_order":0,"comment_status":"closed","ping_status":"closed","template":"template-page-fullwidth.php","meta":{"footnotes":""},"class_list":["post-7934","page","type-page","status-publish","hentry"],"_links":{"self":[{"href":"http:\/\/innsideyourhome.fr\/InnsideYourHome\/wp-json\/wp\/v2\/pages\/7934","targetHints":{"allow":["GET"]}}],"collection":[{"href":"http:\/\/innsideyourhome.fr\/InnsideYourHome\/wp-json\/wp\/v2\/pages"}],"about":[{"href":"http:\/\/innsideyourhome.fr\/InnsideYourHome\/wp-json\/wp\/v2\/types\/page"}],"author":[{"embeddable":true,"href":"http:\/\/innsideyourhome.fr\/InnsideYourHome\/wp-json\/wp\/v2\/users\/2"}],"replies":[{"embeddable":true,"href":"http:\/\/innsideyourhome.fr\/InnsideYourHome\/wp-json\/wp\/v2\/comments?post=7934"}],"version-history":[{"count":5,"href":"http:\/\/innsideyourhome.fr\/InnsideYourHome\/wp-json\/wp\/v2\/pages\/7934\/revisions"}],"predecessor-version":[{"id":8280,"href":"http:\/\/innsideyourhome.fr\/InnsideYourHome\/wp-json\/wp\/v2\/pages\/7934\/revisions\/8280"}],"wp:attachment":[{"href":"http:\/\/innsideyourhome.fr\/InnsideYourHome\/wp-json\/wp\/v2\/media?parent=7934"}],"curies":[{"name":"wp","href":"https:\/\/api.w.org\/{rel}","templated":true}]}}

<div class="wpb-content-wrapper"><p>[vc_row full_width= »stretch_row_content » content_placement= »bottom » css= ».vc_custom_1580831476286{padding-top: 250px !important;padding-right: 250px !important;padding-bottom: 250px !important;padding-left: 250px !important;background-image: url(http://innsideyourhome.fr/InnsideYourHome/wp-content/uploads/2020/02/IMG_6309.jpg?id=8043) !important;background-position: center !important;background-repeat: no-repeat !important;background-size: cover !important;} »][vc_column][/vc_column][/vc_row][vc_row][vc_column width= »1/2&Prime;][vc_single_image image= »7938&Prime; img_size= »large » onclick= »link_image »][/vc_column][vc_column width= »1/2&Prime;][vc_custom_heading source= »post_title » font_container= »tag:h1|text_align:left|color:%23000000&Prime; use_theme_fonts= »yes » el_class= »bandeau »][vc_column_text]Cet ancien magasin de décoration, est devenu la brasserie de l&rsquo;horloge, dans le cœur historique de la Cathédrale d’Amiens. Elle doit son nom à la proximité d’un monument classé, « la statue de Marie sans chemise », où trône une horloge datant de 1898 !<br />
C’est donc tout naturellement que ce nouveau lieu s’appelle « La Brasserie de L’Horloge ». Cet établissement a plus de 150 places avec une belle terrasse face à la Cathédrale.<br />
On vous recevra, dans un décor vintage, murs en briques vieillis par le temps, fermes métalliques type loft, sols en parquet massif et décoration bistro sur le thème du temps et des horloges.[/vc_column_text][/vc_column][/vc_row][vc_row][vc_column width= »1/3&Prime;][vc_single_image image= »8045&Prime; img_size= »full » alignment= »center » onclick= »link_image »][vc_single_image image= »7940&Prime; img_size= »full » alignment= »center » onclick= »link_image »][vc_single_image image= »8049&Prime; img_size= »full » alignment= »center » onclick= »link_image »][/vc_column][vc_column width= »1/3&Prime;][vc_single_image image= »7936&Prime; img_size= »full » alignment= »center » onclick= »link_image »][vc_single_image image= »7944&Prime; img_size= »full » alignment= »center » onclick= »link_image »][vc_single_image image= »8046&Prime; img_size= »full » alignment= »center » onclick= »link_image »][/vc_column][vc_column width= »1/3&Prime;][vc_single_image image= »7939&Prime; img_size= »full » alignment= »center » onclick= »link_image »][vc_single_image image= »8050&Prime; img_size= »full » alignment= »center » onclick= »link_image »][vc_single_image image= »8048&Prime; img_size= »full » alignment= »center » onclick= »link_image »][/vc_column][/vc_row][vc_row full_width= »stretch_row_content_no_spaces » content_placement= »middle » css= ».vc_custom_1574347126631{background-color: #ebebeb !important;background-position: center !important;background-repeat: no-repeat !important;background-size: cover !important;} »][vc_column][vc_btn title= »Toutes nos réalisations » style= »flat » shape= »square » align= »center » i_icon_fontawesome= »fa fa-th » add_icon= »true » link= »url:http%3A%2F%2Finnsideyourhome.fr%2FInnsideYourHome%2Fnos-realisations%2F|title:Nos%20R%C3%A9alisations|| »][/vc_column][/vc_row]</p>
</div>

<p>[vc_row full_width= »stretch_row_content » content_placement= »bottom » css= ».vc_custom_1580831476286{padding-top: 250px !important;padding-right: 250px !important;padding-bottom: 250px !important;padding-left: 250px !important;background-image: url(http://innsideyourhome.fr/InnsideYourHome/wp-content/uploads/2020/02/IMG_6309.jpg?id=8043) !important;background-position: center !important;background-repeat: no-repeat !important;background-size: cover !important;} »][vc_column][/vc_column][/vc_row][vc_row][vc_column width= »1/2&Prime;][vc_single_image image= »7938&Prime; img_size= »large » onclick= »link_image »][/vc_column][vc_column width= »1/2&Prime;][vc_custom_heading source= »post_title » font_container= »tag:h1|text_align:left|color:%23000000&Prime; use_theme_fonts= »yes » el_class= »bandeau »][vc_column_text]Cet ancien magasin de décoration, est devenu la brasserie de l&rsquo;horloge, dans le cœur historique de la Cathédrale d’Amiens. Elle doit son nom à la proximité d’un monument classé, « la statue de Marie sans chemise », où trône une horloge datant de 1898 ! C’est donc tout naturellement que ce nouveau lieu s’appelle « La Brasserie de L’Horloge ». Cet établissement a plus de 150 places avec une belle terrasse face à la.</p>
